{"id":354,"date":"2023-02-27T15:06:06","date_gmt":"2023-02-27T14:06:06","guid":{"rendered":"http:\/\/www.sgsolutions.lu\/?page_id=354"},"modified":"2023-05-26T18:27:59","modified_gmt":"2023-05-26T16:27:59","slug":"developpeurse-fullstack","status":"publish","type":"page","link":"https:\/\/www.sgsolutions.lu\/index.php\/developpeurse-fullstack\/","title":{"rendered":"D\u00e9veloppeur(se) fullstack"},"content":{"rendered":"\n<div class=\"wp-block-cover alignfull\"><span aria-hidden=\"true\" class=\"wp-block-cover__background has-background-dim\"><\/span><img loading=\"lazy\" decoding=\"async\" width=\"2560\" height=\"1024\" class=\"wp-block-cover__image-background wp-image-23\" alt=\"\" src=\"http:\/\/www.sgsolutions.lu\/wp-content\/uploads\/2022\/12\/shutterstock_1235079259-scaled.jpg\" data-object-fit=\"cover\" srcset=\"https:\/\/www.sgsolutions.lu\/wp-content\/uploads\/2022\/12\/shutterstock_1235079259-scaled.jpg 2560w, https:\/\/www.sgsolutions.lu\/wp-content\/uploads\/2022\/12\/shutterstock_1235079259-300x120.jpg 300w, https:\/\/www.sgsolutions.lu\/wp-content\/uploads\/2022\/12\/shutterstock_1235079259-1024x410.jpg 1024w, https:\/\/www.sgsolutions.lu\/wp-content\/uploads\/2022\/12\/shutterstock_1235079259-768x307.jpg 768w, https:\/\/www.sgsolutions.lu\/wp-content\/uploads\/2022\/12\/shutterstock_1235079259-1536x614.jpg 1536w, https:\/\/www.sgsolutions.lu\/wp-content\/uploads\/2022\/12\/shutterstock_1235079259-2048x819.jpg 2048w\" sizes=\"auto, (max-width: 2560px) 100vw, 2560px\" \/><div class=\"wp-block-cover__inner-container is-layout-flow wp-block-cover-is-layout-flow\">\n<p class=\"has-text-align-center has-large-font-size\"><\/p>\n<\/div><\/div>\n\n\n\n<div style=\"height:25px\" aria-hidden=\"true\" class=\"wp-block-spacer\"><\/div>\n\n\n\n<p><strong>SG SOLUTIONS<\/strong> recherche pour l\u2019un de ses clients <strong>un(e) d\u00e9veloppeur(se) full stack NodeJS\/ReactJS<\/strong><\/p>\n\n\n\n<p><strong><u>Descriptif du poste<\/u><\/strong><\/p>\n\n\n\n<p>Nous recherchons pour l\u2019un de nos clients bas\u00e9 \u00e0 Luxembourg un(e) d\u00e9veloppeur(se) full stack back end senior.<\/p>\n\n\n\n<p><br><strong><u>Missions<\/u><\/strong><br><br>Vous concevez, d\u00e9veloppez, mettez en place, configurez, maintenez \u00e0 jour et faites \u00e9voluer les applications\/serveur\/base de donn\u00e9es.<\/p>\n\n\n\n<p>A ce titre, vos missions principales sont :<\/p>\n\n\n\n<p>&#8211; Mise en place des applications\/serveur\/base de donn\u00e9es sur base d\u2019un cahier des charges \u00e9tabli<\/p>\n\n\n\n<p>&#8211; Participer \u00e0 l&#8217;architecture fonctionnelle et applicative<\/p>\n\n\n\n<p>&#8211; Suivre la conception du projet<\/p>\n\n\n\n<p>&#8211; Livrer le projet au niveau de qualit\u00e9 attendu<\/p>\n\n\n\n<p>&#8211; Assurer le suivi<\/p>\n\n\n\n<p>&#8211; R\u00e9aliser le support et la maintenance \u00e9volutive et corrective<\/p>\n\n\n\n<p>&#8211; Participer \u00e0 la mise en place<\/p>\n\n\n\n<p><br><strong><u>Comp\u00e9tences techniques<\/u><\/strong><\/p>\n\n\n\n<p><strong>Obligatoires&nbsp;:<\/strong><\/p>\n\n\n\n<ul class=\"wp-block-list\">\n<li>ReactJS (front end)<\/li>\n\n\n\n<li>JavaScript<\/li>\n\n\n\n<li>NodeJS<\/li>\n\n\n\n<li>SQL<\/li>\n<\/ul>\n\n\n\n<p><strong>Souhait\u00e9es&nbsp;:<\/strong><\/p>\n\n\n\n<ul class=\"wp-block-list\">\n<li>Redis<\/li>\n\n\n\n<li>Rabbit MQ<\/li>\n\n\n\n<li>Kafka<\/li>\n\n\n\n<li>Azure API<\/li>\n\n\n\n<li>Graph API<\/li>\n<\/ul>\n\n\n\n<p><strong><u>Profil<\/u><\/strong><\/p>\n\n\n\n<p>Vous avez une bonne culture IT et vous connaissez le d\u00e9veloppement informatique. A l&#8217;aide de vos connaissances techniques, vous \u00eates int\u00e9ress\u00e9 pour progresser dans un \u00e9cosyst\u00e8me h\u00e9t\u00e9rog\u00e8ne dans lequel vous placerez votre technicit\u00e9 au service des projets<\/p>\n\n\n\n<p>Vous \u00eates titulaire d\u2019une formation Bac +2\/3 en informatique et vous pouvez justifier d\u2019une exp\u00e9rience significative de 5 ans minimum sur un poste similaire.<\/p>\n\n\n\n<p>Vous \u00eates organis\u00e9, avec des aptitudes r\u00e9dactionnelles et de communication en fran\u00e7ais et en anglais.<\/p>\n\n\n\n<p>Vous \u00eates autonome et force de proposition avec le sens des priorit\u00e9s. Vous aimez le travail d\u2019\u00e9quipe et \u00eates rigoureux.<\/p>\n\n\n\n<p><strong><u>\u00c0 propos de nous<\/u><\/strong><\/p>\n\n\n\n<p>SG SOLUTIONS est un cabinet de recrutement et de conseil \u00e0 taille humaine sp\u00e9cialis\u00e9 sur les m\u00e9tiers des fonctions supports sur le Luxembourg et l\u2019Europe. Notre volont\u00e9&nbsp;est de r\u00e9pondre au plus pr\u00e8s de vos envies et de votre ambition.<\/p>\n\n\n\n<p>Nous vous conseillons et vous accompagnons dans l&#8217;int\u00e9gralit\u00e9 de votre processus de recrutement afin d&#8217;atteindre un objectif commun : trouver le d\u00e9fi qui vous permettra de vous \u00e9panouir professionnellement et personnellement.&nbsp;<\/p>\n\n\n\n<p>Vous souhaitez \u00e9voluer vers de nouvelles opportunit\u00e9s&nbsp;? Vous avez envie de changement&nbsp;? Le potentiel de d\u00e9veloppement et de bien-\u00eatre de nos candidats est notre priorit\u00e9.<\/p>\n\n\n\n<div style=\"height:25px\" aria-hidden=\"true\" class=\"wp-block-spacer\"><\/div>\n\n\n\n<div class=\"wp-block-buttons is-content-justification-center is-layout-flex wp-container-core-buttons-is-layout-16018d1d wp-block-buttons-is-layout-flex\">\n<div class=\"wp-block-button\"><a class=\"wp-block-button__link wp-element-button\" href=\"mailto:info@sgsolutions.lu\">Postulez<\/a><\/div>\n\n\n\n<div class=\"wp-block-button\"><a class=\"wp-block-button__link wp-element-button\" href=\"http:\/\/www.sgsolutions.lu\/index.php\/nos-offres\/\">Retour \u00e0 la liste<\/a><\/div>\n<\/div>\n\n\n\n<div style=\"height:25px\" aria-hidden=\"true\" class=\"wp-block-spacer\"><\/div>\n","protected":false},"excerpt":{"rendered":"<p>SG SOLUTIONS recherche pour l\u2019un de ses clients un(e) d\u00e9veloppeur(se) full stack NodeJS\/ReactJS Descriptif du poste Nous recherchons pour l\u2019un de nos clients bas\u00e9 \u00e0 Luxembourg un(e) d\u00e9veloppeur(se) full stack back end senior. Missions Vous concevez, d\u00e9veloppez, mettez en place, configurez, maintenez \u00e0 jour et faites \u00e9voluer les applications\/serveur\/base de donn\u00e9es. A ce titre, vos&hellip;&nbsp;<a href=\"https:\/\/www.sgsolutions.lu\/index.php\/developpeurse-fullstack\/\" class=\"\" rel=\"bookmark\">Read More &raquo;<span class=\"screen-reader-text\">D\u00e9veloppeur(se) fullstack<\/span><\/a><\/p>\n","protected":false},"author":1,"featured_media":0,"parent":0,"menu_order":0,"comment_status":"closed","ping_status":"closed","template":"","meta":{"neve_meta_sidebar":"","neve_meta_container":"","neve_meta_enable_content_width":"","neve_meta_content_width":0,"neve_meta_title_alignment":"","neve_meta_author_avatar":"","neve_post_elements_order":"","neve_meta_disable_header":"","neve_meta_disable_footer":"","neve_meta_disable_title":"","footnotes":""},"class_list":["post-354","page","type-page","status-publish","hentry"],"_links":{"self":[{"href":"https:\/\/www.sgsolutions.lu\/index.php\/wp-json\/wp\/v2\/pages\/354","targetHints":{"allow":["GET"]}}],"collection":[{"href":"https:\/\/www.sgsolutions.lu\/index.php\/wp-json\/wp\/v2\/pages"}],"about":[{"href":"https:\/\/www.sgsolutions.lu\/index.php\/wp-json\/wp\/v2\/types\/page"}],"author":[{"embeddable":true,"href":"https:\/\/www.sgsolutions.lu\/index.php\/wp-json\/wp\/v2\/users\/1"}],"replies":[{"embeddable":true,"href":"https:\/\/www.sgsolutions.lu\/index.php\/wp-json\/wp\/v2\/comments?post=354"}],"version-history":[{"count":4,"href":"https:\/\/www.sgsolutions.lu\/index.php\/wp-json\/wp\/v2\/pages\/354\/revisions"}],"predecessor-version":[{"id":527,"href":"https:\/\/www.sgsolutions.lu\/index.php\/wp-json\/wp\/v2\/pages\/354\/revisions\/527"}],"wp:attachment":[{"href":"https:\/\/www.sgsolutions.lu\/index.php\/wp-json\/wp\/v2\/media?parent=354"}],"curies":[{"name":"wp","href":"https:\/\/api.w.org\/{rel}","templated":true}]}}