{"id":360,"date":"2023-02-27T15:11:09","date_gmt":"2023-02-27T14:11:09","guid":{"rendered":"http:\/\/www.sgsolutions.lu\/?page_id=360"},"modified":"2023-05-26T18:28:21","modified_gmt":"2023-05-26T16:28:21","slug":"developpeurse-fullstack-net","status":"publish","type":"page","link":"https:\/\/www.sgsolutions.lu\/index.php\/developpeurse-fullstack-net\/","title":{"rendered":"D\u00e9veloppeur(se) fullstack .Net"},"content":{"rendered":"\n<div class=\"wp-block-cover alignfull\"><span aria-hidden=\"true\" class=\"wp-block-cover__background has-background-dim\"><\/span><img loading=\"lazy\" decoding=\"async\" width=\"2560\" height=\"1024\" class=\"wp-block-cover__image-background wp-image-23\" alt=\"\" src=\"http:\/\/www.sgsolutions.lu\/wp-content\/uploads\/2022\/12\/shutterstock_1235079259-scaled.jpg\" data-object-fit=\"cover\" srcset=\"https:\/\/www.sgsolutions.lu\/wp-content\/uploads\/2022\/12\/shutterstock_1235079259-scaled.jpg 2560w, https:\/\/www.sgsolutions.lu\/wp-content\/uploads\/2022\/12\/shutterstock_1235079259-300x120.jpg 300w, https:\/\/www.sgsolutions.lu\/wp-content\/uploads\/2022\/12\/shutterstock_1235079259-1024x410.jpg 1024w, https:\/\/www.sgsolutions.lu\/wp-content\/uploads\/2022\/12\/shutterstock_1235079259-768x307.jpg 768w, https:\/\/www.sgsolutions.lu\/wp-content\/uploads\/2022\/12\/shutterstock_1235079259-1536x614.jpg 1536w, https:\/\/www.sgsolutions.lu\/wp-content\/uploads\/2022\/12\/shutterstock_1235079259-2048x819.jpg 2048w\" sizes=\"auto, (max-width: 2560px) 100vw, 2560px\" \/><div class=\"wp-block-cover__inner-container is-layout-flow wp-block-cover-is-layout-flow\">\n<p class=\"has-text-align-center has-large-font-size\"><\/p>\n<\/div><\/div>\n\n\n\n<div style=\"height:25px\" aria-hidden=\"true\" class=\"wp-block-spacer\"><\/div>\n\n\n\n<p><strong>Profil recherch\u00e9&nbsp;:<\/strong><\/p>\n\n\n\n<p>Nous recherchons pour l\u2019un de nos clients un(e) d\u00e9veloppeur(se) Fullstack .Net exp\u00e9riment\u00e9(e)<\/p>\n\n\n\n<h6 class=\"wp-block-heading\"><strong>Votre r\u00f4le&nbsp;:<\/strong><\/h6>\n\n\n\n<p>Le d\u00e9veloppeur Fullstack .Net a en charge le maintien en condition op\u00e9rationnelle et l\u2019\u00e9volution technique des applications m\u00e9tiers \u00e0 sa charge. Il est responsable de la qualit\u00e9 des d\u00e9veloppements dans le respect des bonnes pratiques et des normes de d\u00e9veloppement en vigueur dans le Service. Son objectif est de construire des solutions adapt\u00e9es, \u00e9volutives et stables. Pour cela, il anime, forme et challenge l\u2019\u00e9quipe de d\u00e9veloppement et effectue une veille technologique constante pour maintenir \u00e0 jour tous les composants du Syst\u00e8me d\u2019Informations M\u00e9tier.<\/p>\n\n\n\n<p><strong>Comp\u00e9tences techniques&nbsp;:<\/strong><\/p>\n\n\n\n<p>&nbsp;Vous ma\u00eetrisez imp\u00e9rativement toutes les technologies suivantes :<\/p>\n\n\n\n<ul class=\"wp-block-list\">\n<li>Angular (et\/ou React, Vue.js)<\/li>\n\n\n\n<li>C#, .Net Core<\/li>\n\n\n\n<li>Vous avez des connaissances en SQL, HTML5, CSS3 et jQuery<\/li>\n\n\n\n<li>Vous \u00eates familier avec une m\u00e9thodologie de type Agile Scrum, UML&#8230;<\/li>\n<\/ul>\n\n\n\n<p><strong>Profil&nbsp;:<\/strong><\/p>\n\n\n\n<p>Vous \u00eates titulaire d\u2019une formation Bac +2\/3 en informatique ou \u00e9quivalent et vous pouvez justifier d\u2019une exp\u00e9rience significative de 3 ans minimum sur un poste similaire.<\/p>\n\n\n\n<p>Vous \u00eates organis\u00e9, avec des aptitudes r\u00e9dactionnelles et de communication en fran\u00e7ais et en anglais. Vous avez de bonne connaissance en s\u00e9curit\u00e9 IT.<\/p>\n\n\n\n<p>Vous \u00eates autonome et force de proposition avec le sens des priorit\u00e9s. Vous aimez le travail d\u2019\u00e9quipe et \u00eatres rigoureux.<\/p>\n\n\n\n<p><strong>\u00c0 propos de nous&nbsp;:<\/strong><\/p>\n\n\n\n<p>SG SOLUTIONS est un cabinet de recrutement et de conseil \u00e0 taille humaine sp\u00e9cialis\u00e9 sur les m\u00e9tiers des fonctions supports sur le Luxembourg et l\u2019Europe. Notre volont\u00e9&nbsp;est de r\u00e9pondre au plus pr\u00e8s de vos envies et de votre ambition.<\/p>\n\n\n\n<p>Nous vous conseillons et vous accompagnons dans l&#8217;int\u00e9gralit\u00e9 de votre processus de recrutement afin d&#8217;atteindre un objectif commun : trouver le d\u00e9fi qui vous permettra de vous \u00e9panouir professionnellement et personnellement.&nbsp;<\/p>\n\n\n\n<p>Vous souhaitez \u00e9voluer vers de nouvelles opportunit\u00e9s&nbsp;? Vous avez envie de changement&nbsp;? Le potentiel de d\u00e9veloppement et de bien-\u00eatre de nos candidats est notre priorit\u00e9.<\/p>\n\n\n\n<div style=\"height:25px\" aria-hidden=\"true\" class=\"wp-block-spacer\"><\/div>\n\n\n\n<div class=\"wp-block-buttons is-content-justification-center is-layout-flex wp-container-core-buttons-is-layout-16018d1d wp-block-buttons-is-layout-flex\">\n<div class=\"wp-block-button\"><a class=\"wp-block-button__link wp-element-button\" href=\"mailto:info@sgsolutions.lu\">Postulez<\/a><\/div>\n\n\n\n<div class=\"wp-block-button\"><a class=\"wp-block-button__link wp-element-button\" href=\"http:\/\/www.sgsolutions.lu\/index.php\/nos-offres\/\">Retour \u00e0 la liste<\/a><\/div>\n<\/div>\n\n\n\n<div style=\"height:25px\" aria-hidden=\"true\" class=\"wp-block-spacer\"><\/div>\n","protected":false},"excerpt":{"rendered":"<p>Profil recherch\u00e9&nbsp;: Nous recherchons pour l\u2019un de nos clients un(e) d\u00e9veloppeur(se) Fullstack .Net exp\u00e9riment\u00e9(e) Votre r\u00f4le&nbsp;: Le d\u00e9veloppeur Fullstack .Net a en charge le maintien en condition op\u00e9rationnelle et l\u2019\u00e9volution technique des applications m\u00e9tiers \u00e0 sa charge. Il est responsable de la qualit\u00e9 des d\u00e9veloppements dans le respect des bonnes pratiques et des normes de&hellip;&nbsp;<a href=\"https:\/\/www.sgsolutions.lu\/index.php\/developpeurse-fullstack-net\/\" class=\"\" rel=\"bookmark\">Read More &raquo;<span class=\"screen-reader-text\">D\u00e9veloppeur(se) fullstack .Net<\/span><\/a><\/p>\n","protected":false},"author":1,"featured_media":0,"parent":0,"menu_order":0,"comment_status":"closed","ping_status":"closed","template":"","meta":{"neve_meta_sidebar":"","neve_meta_container":"","neve_meta_enable_content_width":"","neve_meta_content_width":0,"neve_meta_title_alignment":"","neve_meta_author_avatar":"","neve_post_elements_order":"","neve_meta_disable_header":"","neve_meta_disable_footer":"","neve_meta_disable_title":"","footnotes":""},"class_list":["post-360","page","type-page","status-publish","hentry"],"_links":{"self":[{"href":"https:\/\/www.sgsolutions.lu\/index.php\/wp-json\/wp\/v2\/pages\/360","targetHints":{"allow":["GET"]}}],"collection":[{"href":"https:\/\/www.sgsolutions.lu\/index.php\/wp-json\/wp\/v2\/pages"}],"about":[{"href":"https:\/\/www.sgsolutions.lu\/index.php\/wp-json\/wp\/v2\/types\/page"}],"author":[{"embeddable":true,"href":"https:\/\/www.sgsolutions.lu\/index.php\/wp-json\/wp\/v2\/users\/1"}],"replies":[{"embeddable":true,"href":"https:\/\/www.sgsolutions.lu\/index.php\/wp-json\/wp\/v2\/comments?post=360"}],"version-history":[{"count":6,"href":"https:\/\/www.sgsolutions.lu\/index.php\/wp-json\/wp\/v2\/pages\/360\/revisions"}],"predecessor-version":[{"id":528,"href":"https:\/\/www.sgsolutions.lu\/index.php\/wp-json\/wp\/v2\/pages\/360\/revisions\/528"}],"wp:attachment":[{"href":"https:\/\/www.sgsolutions.lu\/index.php\/wp-json\/wp\/v2\/media?parent=360"}],"curies":[{"name":"wp","href":"https:\/\/api.w.org\/{rel}","templated":true}]}}