{"id":7,"date":"2022-12-09T18:27:45","date_gmt":"2022-12-09T17:27:45","guid":{"rendered":"https:\/\/www.sgsolutions.lu\/?page_id=7"},"modified":"2023-05-26T18:04:23","modified_gmt":"2023-05-26T16:04:23","slug":"a-propos","status":"publish","type":"page","link":"https:\/\/www.sgsolutions.lu\/index.php\/a-propos\/","title":{"rendered":"Qui sommes-nous !"},"content":{"rendered":"\n<div class=\"wp-block-cover alignfull\"><span aria-hidden=\"true\" class=\"wp-block-cover__background has-background-dim\"><\/span><img loading=\"lazy\" decoding=\"async\" width=\"2560\" height=\"1024\" class=\"wp-block-cover__image-background wp-image-23\" alt=\"\" src=\"http:\/\/www.sgsolutions.lu\/wp-content\/uploads\/2022\/12\/shutterstock_1235079259-scaled.jpg\" data-object-fit=\"cover\" srcset=\"https:\/\/www.sgsolutions.lu\/wp-content\/uploads\/2022\/12\/shutterstock_1235079259-scaled.jpg 2560w, https:\/\/www.sgsolutions.lu\/wp-content\/uploads\/2022\/12\/shutterstock_1235079259-300x120.jpg 300w, https:\/\/www.sgsolutions.lu\/wp-content\/uploads\/2022\/12\/shutterstock_1235079259-1024x410.jpg 1024w, https:\/\/www.sgsolutions.lu\/wp-content\/uploads\/2022\/12\/shutterstock_1235079259-768x307.jpg 768w, https:\/\/www.sgsolutions.lu\/wp-content\/uploads\/2022\/12\/shutterstock_1235079259-1536x614.jpg 1536w, https:\/\/www.sgsolutions.lu\/wp-content\/uploads\/2022\/12\/shutterstock_1235079259-2048x819.jpg 2048w\" sizes=\"auto, (max-width: 2560px) 100vw, 2560px\" \/><div class=\"wp-block-cover__inner-container is-layout-flow wp-block-cover-is-layout-flow\">\n<p class=\"has-text-align-center has-large-font-size\"><\/p>\n<\/div><\/div>\n\n\n\n<div class=\"wp-block-cover alignfull\" style=\"min-height:600px;aspect-ratio:unset;\"><span aria-hidden=\"true\" class=\"wp-block-cover__background has-nv-light-bg-background-color has-background-dim-100 has-background-dim\"><\/span><div class=\"wp-block-cover__inner-container is-layout-flow wp-block-cover-is-layout-flow\">\n<div style=\"height:100px\" aria-hidden=\"true\" class=\"wp-block-spacer\"><\/div>\n\n\n\n<div class=\"wp-block-group\"><div class=\"wp-block-group__inner-container is-layout-flow wp-block-group-is-layout-flow\">\n<div class=\"wp-block-columns are-vertically-aligned-center is-layout-flex wp-container-core-columns-is-layout-9d6595d7 wp-block-columns-is-layout-flex\">\n<div class=\"wp-block-column is-vertically-aligned-center is-layout-flow wp-block-column-is-layout-flow\" style=\"flex-basis:50%\">\n<figure class=\"wp-block-image size-large\"><img loading=\"lazy\" decoding=\"async\" width=\"1024\" height=\"1024\" src=\"https:\/\/www.sgsolutions.lu\/wp-content\/uploads\/2022\/12\/Shutterstock_1765803398-1024x1024.jpg\" alt=\"\" class=\"wp-image-53\" srcset=\"https:\/\/www.sgsolutions.lu\/wp-content\/uploads\/2022\/12\/Shutterstock_1765803398-1024x1024.jpg 1024w, https:\/\/www.sgsolutions.lu\/wp-content\/uploads\/2022\/12\/Shutterstock_1765803398-300x300.jpg 300w, https:\/\/www.sgsolutions.lu\/wp-content\/uploads\/2022\/12\/Shutterstock_1765803398-150x150.jpg 150w, https:\/\/www.sgsolutions.lu\/wp-content\/uploads\/2022\/12\/Shutterstock_1765803398-768x768.jpg 768w, https:\/\/www.sgsolutions.lu\/wp-content\/uploads\/2022\/12\/Shutterstock_1765803398-1536x1536.jpg 1536w, https:\/\/www.sgsolutions.lu\/wp-content\/uploads\/2022\/12\/Shutterstock_1765803398-2048x2048.jpg 2048w\" sizes=\"auto, (max-width: 1024px) 100vw, 1024px\" \/><\/figure>\n<\/div>\n\n\n\n<div class=\"wp-block-column is-vertically-aligned-center is-layout-flow wp-block-column-is-layout-flow\" style=\"flex-basis:50%\">\n<h2 class=\"wp-block-heading has-neve-text-color-color has-text-color\"><strong>Stronger together&nbsp;!<\/strong><\/h2>\n\n\n\n<p class=\"has-neve-text-color-color has-text-color has-medium-font-size\">SG SOLUTIONS S.\u00e0 r.l. est n\u00e9e dans l\u2019optique de vous \u00e9pauler dans la gestion quotidienne de votre entreprise et de vous aider \u00e0 relever les d\u00e9fis qui se pr\u00e9sentent \u00e0 vous&nbsp;!<\/p>\n\n\n\n<p class=\"has-nv-dark-bg-color has-text-color\">Chez SG Solutions, nous avons pour objectif d\u2019\u00eatre votre partenaire privil\u00e9gi\u00e9 en vous accompagnant dans la gestion quotidienne&nbsp;de votre entreprise et ainsi vous aider \u00e0 relever les d\u00e9fis&nbsp;qui se pr\u00e9sentent \u00e0 vous&nbsp;! Avec une exp\u00e9rience de plus de 10 ans sur le march\u00e9 luxembourgeois et en Europe. Nous sommes d\u00e9termin\u00e9s \u00e0 mettre notre professionnalisme, notre enthousiasme et notre r\u00e9activit\u00e9 au service de votre r\u00e9ussite. Que vous envisagiez de vous implanter sur le march\u00e9 luxembourgeois ou que vous souhaitiez y \u00e9tendre votre pr\u00e9sence, nous sommes l\u00e0 pour vous accompagner et vous aider \u00e0 atteindre vos objectifs.<\/p>\n\n\n\n<p class=\"has-nv-dark-bg-color has-text-color\">Notre mission chez SG Solutions est de fournir des solutions personnalis\u00e9es et performantes qui permettent \u00e0 nos clients de rester comp\u00e9titifs sur un march\u00e9 en constante \u00e9volution. Nous comprenons que chaque entreprise est unique et que les d\u00e9fis auxquels elles sont confront\u00e9es n\u00e9cessitent des solutions sur mesure. C&#8217;est pourquoi nous travaillons en \u00e9troite collaboration avec nos clients pour comprendre leurs besoins, identifier les probl\u00e9matiques et proposer des solutions adapt\u00e9es \u00e0 leurs objectifs.<\/p>\n\n\n\n<p class=\"has-nv-dark-bg-color has-text-color\">Nos services de conseil couvrent un large \u00e9ventail de domaines, tels que le d\u00e9veloppement commercial, l\u2019accompagnement manag\u00e9rial, les ressources humaines, la formation ainsi que le recrutement. Nous aidons nos clients \u00e0 \u00e9laborer des strat\u00e9gies efficaces, \u00e0 mettre en place des processus optimis\u00e9s et \u00e0 prendre des d\u00e9cisions \u00e9clair\u00e9es pour favoriser leur croissance et leur succ\u00e8s.<\/p>\n\n\n\n<p class=\"has-nv-dark-bg-color has-text-color\">La gestion de projets est un autre domaine d&#8217;expertise chez SG Solutions. Nous veillons \u00e0 ce que chaque projet soit g\u00e9r\u00e9 de mani\u00e8re efficace, du d\u00e9but \u00e0 la fin, en respectant les d\u00e9lais, le budget et les objectifs fix\u00e9s. Notre approche m\u00e9thodique nous permet de minimiser les risques et d&#8217;assurer la qualit\u00e9 et la r\u00e9ussite de chaque projet que nous entreprenons.<\/p>\n\n\n\n<p class=\"has-nv-dark-bg-color has-text-color\">Chez SG Solutions, nous sommes fiers de notre engagement envers l&#8217;excellence et la satisfaction de nos clients. Nous nous effor\u00e7ons de fournir des solutions de la plus haute qualit\u00e9, en combinant notre expertise avec une approche ax\u00e9e sur le service client. Nous sommes \u00e0 l&#8217;\u00e9coute de nos clients, nous collaborons avec eux et nous nous adaptons \u00e0 leurs besoins changeants pour offrir des solutions qui surpassent leurs attentes.<\/p>\n\n\n\n<p class=\"has-nv-dark-bg-color has-text-color\">Chez SG Solutions S.\u00e0 r.l, nous sommes d\u00e9termin\u00e9s \u00e0 fournir des solutions innovantes, de haute qualit\u00e9 et personnalis\u00e9es \u00e0 nos clients, afin de les aider \u00e0 rester comp\u00e9titifs sur un march\u00e9 en constante \u00e9volution.<\/p>\n<\/div>\n<\/div>\n<\/div><\/div>\n\n\n\n<div style=\"height:100px\" aria-hidden=\"true\" class=\"wp-block-spacer\"><\/div>\n<\/div><\/div>\n\n\n\n<div style=\"height:25px\" aria-hidden=\"true\" class=\"wp-block-spacer\"><\/div>\n","protected":false},"excerpt":{"rendered":"","protected":false},"author":1,"featured_media":0,"parent":0,"menu_order":0,"comment_status":"closed","ping_status":"closed","template":"","meta":{"neve_meta_sidebar":"","neve_meta_container":"","neve_meta_enable_content_width":"on","neve_meta_content_width":100,"neve_meta_title_alignment":"","neve_meta_author_avatar":"","neve_post_elements_order":"","neve_meta_disable_header":"","neve_meta_disable_footer":"","neve_meta_disable_title":"on","footnotes":""},"class_list":["post-7","page","type-page","status-publish","hentry"],"_links":{"self":[{"href":"https:\/\/www.sgsolutions.lu\/index.php\/wp-json\/wp\/v2\/pages\/7","targetHints":{"allow":["GET"]}}],"collection":[{"href":"https:\/\/www.sgsolutions.lu\/index.php\/wp-json\/wp\/v2\/pages"}],"about":[{"href":"https:\/\/www.sgsolutions.lu\/index.php\/wp-json\/wp\/v2\/types\/page"}],"author":[{"embeddable":true,"href":"https:\/\/www.sgsolutions.lu\/index.php\/wp-json\/wp\/v2\/users\/1"}],"replies":[{"embeddable":true,"href":"https:\/\/www.sgsolutions.lu\/index.php\/wp-json\/wp\/v2\/comments?post=7"}],"version-history":[{"count":13,"href":"https:\/\/www.sgsolutions.lu\/index.php\/wp-json\/wp\/v2\/pages\/7\/revisions"}],"predecessor-version":[{"id":499,"href":"https:\/\/www.sgsolutions.lu\/index.php\/wp-json\/wp\/v2\/pages\/7\/revisions\/499"}],"wp:attachment":[{"href":"https:\/\/www.sgsolutions.lu\/index.php\/wp-json\/wp\/v2\/media?parent=7"}],"curies":[{"name":"wp","href":"https:\/\/api.w.org\/{rel}","templated":true}]}}